divide 108811157?
True
Is 7 a factor of 222864833?
False
Is 701198949 a multiple of 51?
True
Is 847 a factor of 4053618?
False
Is 6412354 a multiple of 9?
False
Is 407 a factor of 1752508626?
True
Is 26621065 a multiple of 107?
True
Is 262 a factor of 209159121?
False
Is 373218801 a multiple of 3309?
True
Does 170 divide 271580887?
False
Is 27647360 a multiple of 104?
True
Is 37 a factor of 11929466?
True
Is 19354041 a multiple of 357?
True
Does 42 divide 3039120?
True
Is 9 a factor of 107003549?
False
Is 351 a factor of 57794847?
False
Does 40 divide 32498640?
True
Is 987095239 a multiple of 1061?
False
Is 236 a factor of 1480337225?
False
Is 89 a factor of 51426603?
True
Does 214 divide 9961969?
False
Does 2291 divide 1842057931?
True
Is 5 a factor of 25285395?
True
Does 5 divide 1445749874?
False
Does 1211 divide 245211927?
False
Does 170 divide 125580038?
False
Does 1094 divide 1608212820?
True
Is 9914670 a multiple of 45?
True
Is 10 a factor of 105748058?
False
Does 653 divide 78710334?
False
Is 2950 a factor of 95925150?
True
Is 10047 a factor of 2417426220?
False
Is 879538710 a multiple of 795?
True
Is 9 a factor of 12234013?
False
Is 39777210 a multiple of 681?
True
Is 4 a factor of 741321?
False
Is 9103326 a multiple of 6?
True
Is 8554 a factor of 22858212?
False
Is 28420374 a multiple of 11?
False
Is 74 a factor of 1922264159?
False
Does 462 divide 23166652?
False
Is 836 a factor of 87809742?
False
Does 101 divide 31922297?
False
Does 852 divide 835884420?
True
Is 4987961320 a multiple of 1036?
False
Does 25 divide 413734208?
False
Is 59977119 a multiple of 733?
False
Is 347158170 a multiple of 2570?
True
Is 1222 a factor of 464865908?
True
Does 33 divide 9131475?
False
Does 75 divide 21475895?
False
Does 1843 divide 94636207?
True
Is 245489350 a multiple of 29?
True
Is 539867357 a multiple of 3099?
False
Is 1010 a factor of 29031275?
False
Is 65530 a multiple of 5?
True
Is 98598661 a multiple of 7?
True
Is 5194446604 a multiple of 15?
False
Is 325578 a multiple of 2027?
False
Does 27 divide 70380414?
True
Is 1143222538 a multiple of 3970?
False
Is 46 a factor of 63910708?
False
Is 1114 a factor of 35563336?
True
Is 2854635744 a multiple of 2173?
False
Does 35 divide 105205955?
False
Does 1564 divide 71188862?
False
Does 386 divide 12463554?
True
Is 73 a factor of 230872866?
True
Is 591253111 a multiple of 23?
True
Is 10040842 a multiple of 4?
False
Is 50951810 a multiple of 7?
True
Is 4488924 a multiple of 3?
True
Is 175 a factor of 312534094?
False
Is 100500993 a multiple of 156?
False
Does 4 divide 15722470?
False
Is 207500431 a multiple of 571?
False
Is 5 a factor of 60942960?
True
Is 21171317 a multiple of 4?
False
Is 113 a factor of 1215346975?
False
Does 4 divide 116210537?
False
Is 242444803 a multiple of 504?
False
Is 110 a factor of 181874330?
True
Is 2456 a factor of 232394088?
True
Is 58187222 a multiple of 134?
True
Does 240 divide 1023486960?
True
Is 373 a factor of 3956000156?
False
Is 237 a factor of 28360131?
True
Is 1512 a factor of 6898561?
False
Does 135 divide 53356129?
False
Does 25 divide 1933675?
True
Does 13 divide 3830775637?
True
Is 78392744 a multiple of 14?
False
Is 3851 a factor of 78872040?
False
Does 5 divide 350200932?
False
Is 78 a factor of 1053361920?
True
Is 5650656 a multiple of 3?
True
Is 1254 a factor of 30854670?
True
Is 1556847375 a multiple of 264?
False
Is 101175075 a multiple of 27?
True
Is 162638980 a multiple of 1224?
False
Is 409666960 a multiple of 196?
False
Is 304855884 a multiple of 292?
True
Is 2851 a factor of 112858959?
False
Does 1785 divide 2244971295?
True
Is 1415609186 a multiple of 22?
False
Is 248 a factor of 154209624?
True
Is 654 a factor of 343287870?
True
Is 213 a factor of 3120450?
True
Is 50905775 a multiple of 752?
False
Is 7 a factor of 10831678?
False
Is 33 a factor of 6103547?
False
Is 299 a factor of 28522806?
True
Is 18 a factor of 843301926?
True
Is 79433023 a multiple of 3232?
False
Is 279211803 a multiple of 2469?
True
Does 1343 divide 119555423?
False
Does 209 divide 10331157?
False
Is 24006437 a multiple of 4?
False
Is 2212094412 a multiple of 32?
False
Is 1129 a factor of 225510976?
True
Is 10770 a factor of 1264279530?
True
Is 455 a factor of 46434700?
False
Is 1160467888 a multiple of 31?
True
Is 32671396 a multiple of 5363?
True
Is 179419868 a multiple of 58?
True
Does 1408 divide 433562624?
True
Does 3155 divide 479740669?
False
Is 13 a factor of 6852158?
False
Does 2654 divide 104359377?
False
Does 925 divide 28005095?
False
Is 74457770 a multiple of 7?
False
Is 182358398 a multiple of 179?
True
Does 71 divide 39504116?
True
Is 393981315 a multiple of 688?
False
Is 155 a factor of 12306070?
True
Is 8152650 a multiple of 330?
True
Is 3 a factor of 98214162?
True
Does 699 divide 83669193?
False
Is 2771803058 a multiple of 75?
False
Is 10959935 a multiple of 487?
True
Is 23 a factor of 453007517?
True
Is 24 a factor of 14388598?
False
Does 3960 divide 85186810?
False
Is 23 a factor of 18425742?
False
Is 99678091 a multiple of 935?
False
Is 20 a factor of 97472520?
True
Is 43686635 a multiple of 316?
False
Is 34242507 a multiple of 93?
True
Is 1350539919 a multiple of 6845?
False
Is 6545 a factor of 75077695?
True
Is 382 a factor of 1883260?
True
Is 72894641 a multiple of 19?
False
Does 64 divide 41668800?
True
Is 115 a factor of 1357578?
False
Does 612 divide 56102978?
False
Is 171625848 a multiple of 1762?
True
Is 393 a factor of 46059993?
True
Is 2 a factor of 152939019?
False
Is 366078154 a multiple of 1651?
False
Is 15985623 a multiple of 276?
False
Is 3522 a factor of 855846?
True
Is 818032908 a multiple of 5334?
True
Is 93578003 a multiple of 14?
False
Is 526 a factor of 14392938?
True
Is 186 a factor of 1877727660?
True
Is 243 a factor of 80463851?
False
Is 2985245 a multiple of 152?
False
Is 274 a factor of 35540878?
False
Does 216 divide 401393936?
False
Is 12 a factor of 6623269?
False
Is 2338090 a multiple of 1446?
False
Is 116581701 a multiple of 158?
False
Is 1520513870 a multiple of 107?
True
Does 3761 divide 650923792?
True
Does 1080 divide 142815892?
False
Is 221 a factor of 63523135?
True
Is 73243796 a multiple of 9?
False
Is 10 a factor of 78941290?
True
Does 284 divide 38708632?
True
Is 8526945 a multiple of 281?
True
Is 97 a factor of 212252684?
True
Is 2253 a factor of 53700389?
False
Is 5 a factor of 296168760?
True
Is 4 a factor of 45855007?
False
Is 623 a factor of 4062954892?
False
Is 1754142 a multiple of 129?
True
Is 10 a factor of 39678634?
False
Is 118 a factor of 21580531?
False
Is 85 a factor of 2820262?
False
Does 166 divide 187301320?
False
Is 22186465 a multiple of 49?
True
Is 325218 a multiple of 16?
False
Is 9520602 a multiple of 15?
False
Does 9 divide 1581019?
False
Is 15857987 a multiple of 12?
False
Does 1242 divide 2978003665?
False
Is 33 a factor of 219477861?
False
Is 16647624 a multiple of 203?
True
Is 25 a factor of 40989332?
False
Is 92465485 a multiple of 619?
False
Does 223 divide 8104935?
True
Does 7 divide 169269875?
False
Does 2028 divide 801929063?
False
Does 335 divide 71009806?
False
Is 18285036 a multiple of 1542?
True
Does 758 divide 682411482?
True
Does 10 divide 1094070?
True
Is 60 a factor of 11683424?
False
Is 633 a factor of 429256681?
False
Is 11 a factor of 45669973?
False
Is 5398760 even?
True
Is 1436035200 a multiple of 304?
True
Does 4 divide 124881116?
True
Does 13 divide 37996764?
True
Is 71987020 a multiple of 1169?
True
Does 271 divide 26918972?
True
Is 41387255 a multiple of 588?
False
Is 163351538 a multiple of 7?
True
Does 41 divide 731950?
False
Is 6378798065 a multiple of 12312?
False
Is 5024189988 a multiple of 10926?
True
Does 12 divide 379883555?
False
Is 9261579 a multiple of 24?
False
Is 461272128 a multiple of 48?
True
Is 37386801 a multiple of 38?
False
Is 436089850 a multiple of 135?
False
Does 141 divide 34723365?
True
Is 107 a factor of 5222436?
False
Does 1766 divide 827705462?
False
Does 1647 divide 55090503?
True
Does 22 divide 1085840712?
True
Is 619 a factor of 11527637?
True
Is 1539017771 a multiple of 23?
False
Is 52716829 a multiple of 958?
False
Is 33 a factor of 161775669?
True
Is 8 a factor of 198662480?
True
Is 315 a factor of 64311838?
False
Is 75619077